
False
Let y = -33 + -35. Let d = 9 - y. Is d a prime number?
False
Let y be 27/15*(-10)/(-2). Suppose -t = -5*t + 12. Is 236/t - (-3)/y a composite number?
False
Suppose -3*x + 393 = 3*c - 7*c, 4*x - 524 = -4*c. Is x a composite number?
False
Suppose 0 = 3*j + 2*j - 1790. Is j a prime number?
False
Let s(u) = -20*u - 11. Let l = 8 - 13. Is s(l) a composite number?
False
Let t(d) = d**2 - d + 1271. Is t(0) a prime number?
False
Let s be -3 + 18 + -2 + 2. Suppose z - s = 46. Suppose 2*o + 90 = 4*h, -3*h + 4 + z = -4*o. Is h a prime number?
True
Is -3 + (4/(-18) - (-342550)/45) composite?
True
Let d = -63 - -160. Let h = -19 - -67. Let m = d - h. Is m prime?
False
Let p = 74 + -45. Suppose 2*i - p = -127. Is (i/4)/((-3)/12) a composite number?
True
Suppose -3*r = 4*t - 1067 - 428, -5*r = -5*t + 1860. Is t composite?
False
Let o(v) = -4*v - 3. Is o(-10) composite?
False
Let t be (1 - 0)/(1/3). Let w = t + -2. Suppose a + 1 = 4*m - w, 4*a = -4*m + 72. Is a composite?
True
Let u(r) be the third derivative of -r**6/120 + 2*r**5/15 - r**4/12 + 3*r**3/2 - 4*r**2. Let m be u(6). Let w = -32 + m. Is w prime?
True
Let o(n) = -2*n**3 - 3*n**2 - 6*n - 2. Suppose 4*y = 4*t + 3*y + 748, -928 = 5*t - 3*y. Let v be t/36 - 2/(-9). Is o(v) a prime number?
False
Let j = 504 - -805. Suppose -5*k + j = 4*t, 0*k - k - 3 = 0. Is t a composite number?
False
Let t = 1575 - 668. Is t prime?
True
Let t be (-1 - -1) + (-80)/(-20). Let x be (-13484)/(-6) + (-4)/(-6). Suppose -t*z - 596 = -x. Is z a composite number?
True
Is ((-1392)/9 + -5)*(2 - 5) a composite number?
False
Let k(l) = 14*l**2 + 5*l + 1. Suppose 0 = -4*v - 3*n + 30, -n - 10 = -v - 3*n. Is k(v) a prime number?
False
Let z(i) = -i**2 + 11. Let t be z(0). Suppose 80 = w - t. Is w composite?
True
Suppose 0 = k + 4*b - 113, 2*k = 2*b + 187 + 39. Is k a composite number?
False
Is 15006/12 - -5 - 2/4 prime?
False
Let n be (-2 + -6)*(1 + 1). Let d be (-1)/(-4) + (-2796)/n. Suppose 0 = -6*i + i + d. Is i a prime number?
False
Let c(s) = s**3 + 6*s**2 - 6*s + 5. Suppose 0 = -3*l + l - 10. Let o be c(l). Suppose -2 = -2*q + 3*j + o, -q + 2*j + 30 = 0. Is q prime?
False
Suppose 0 = -2*t, z = -5*t - 15 + 752. Is z a prime number?
False
Let k(z) = -2*z**2 - 2*z + 2. Let u be k(2). Let d(s) = -19*s + 1. Is d(u) composite?
False
Suppose 0 = 2*g + n + 1, -g = -3*n - 7 - 10. Suppose g*s - 11 = -5*h, 6*h - h - 13 = -s. Suppose 0 = -p + 5*v + 40, h*v = 4*p - 2*v - 85. Is p a prime number?
False
Let p be 1 - -1 - (0 + 2). Suppose -3*b - 5*v + 50 = p, 2*v = -2*b + 20 + 8. Is b a prime number?
False
Let n(p) = -p**3 + 7*p**2 + p - 7. Let r be n(7). Let v(q) = -q**3 + 113. Is v(r) a prime number?
True
Let n be ((-8)/2)/(3 + -4). Suppose -13 = -n*j + 11. Suppose -2*d = -j*d + 348. Is d a composite number?
True
Suppose 155 = n + 2*b, 4*b + 660 = 4*n + 2*b. Is n composite?
False
Let k = 62 + -29. Let h = -16 + -6. Let o = h + k. Is o a prime number?
True
Let y = -15 + 15. Let f(u) = 4 - 2*u + u + 0. Is f(y) prime?
False
Let p = 5 - 4. Let a = p - 0. Is 35/1 + 1 + a composite?
False
Suppose l - 833 = 2*u + 3*u, 5*l + 4*u = 4281. Is l prime?
True
Let b = 1011 - 710. Is b prime?
False
Suppose -1 = -3*z + 14. Suppose -z*i = -i - 156. Is i a composite number?
True
Suppose 0 = a - 3*l + 18, 5*l - l = -4*a + 8. Is -4 - 244/(1 + a) a composite number?
True
Suppose -3*x - x = -16. Let m(w) be the third derivative of -w**5/60 + 5*w**4/24 + w**3/2 + w**2. Is m(x) prime?
True
Let b = 8 + -5. Let q be 4/(-6) - (-8)/b. Is ((-69)/12)/(q/(-8)) prime?
True
Suppose 5*p - 5 = 3*a + 37, p - 10 = -a. Let c(m) = m**3 - 4*m**2 - 4*m + 5. Let j be c(5). Suppose -z + p = -j. Is z composite?
False
Let l(y) = 2*y + 7. Let z be l(-5). Is ((-395)/15)/(1/z) a prime number?
True
Let k(c) = -c + 20. Let b be k(15). Suppose -x + 533 = b*v + 107, -x - 424 = -5*v. Is v prime?
False
Let n be 2/(-14) - (-44)/14. Suppose -3*i + 3 = 0, 4*p - n*i - 1343 = 2*i. Is p a prime number?
True
Is (-4 - -116) + (5 - 4) a prime number?
True
Suppose 0*f = 3*f - 1833. Is f a composite number?
True
Let d(t) = 9*t**2 + 2*t + 1. Let v be d(-2). Is 1 + v - (-9)/(-9) composite?
True
Let w be 2/3 - 4/6. Suppose -o + w*o + 2 = 0. Suppose o*r - 250 + 24 = 0. Is r a prime number?
True
Suppose 5*c - 5*o + 20 = 0, -c - c - 12 = -3*o. Suppose 0 = -w - c*w + 127. Is w composite?
False
Let i = 17 - 10. Is i composite?
False
Suppose -2*x + 3*k - 4 = 0, -3*x + 8*x + 2*k = 28. Suppose x*w = w + 42. Is -2*w*5/(-4) a composite number?
True
Let y = -5853 + 8374. Is y a composite number?
False
Suppose 99 = -5*g + 8354. Is g a prime number?
False
Let i = 49 - 16. Let r be 24/20*(-30)/(-9). Suppose r*u + 5*c = i, 0 = -u - 2*u + 5*c - 19. Is u composite?
False
Suppose 5*b + 20 = 0, 0*s + 4*b = -s - 25. Let w = 2 + -5. Is (-152)/(-6) - w/s a prime number?
False
Let x(h) = -9*h - 4. Let p be x(-4). Suppose -p = -5*k + m, 3*k = -0*m - 2*m + 14. Is k + 0 + 3 + 2 a prime number?
True
Suppose -2*d = -d - 2. Suppose -4*n - 5*b - 130 = -880, n + 4*b - 182 = 0. Suppose 0*v + d*v = n. Is v composite?
True
Let w(q) = -7*q + 3. Is w(-8) a prime number?
True
Let g(w) = 5*w**2 - w. Let n be g(-1). Suppose n - 69 = -3*h. Is h composite?
True
Let q(w) = -2*w + 1. Let u be q(-2). Suppose 2*d = -d + 3*x - 3, u*d + 37 = -3*x. Let i(r) = r**2 - 3*r - 6. Is i(d) a composite number?
True
Suppose 5*s - 4*y = 4601, 3*s + 3*y - 354 = 2385. Is s composite?
True
Is 53*1 - (2 + -4) a prime number?
False
Suppose 5*l + 31 = 2*q, 1 = 2*q + 2*l + 5. Suppose 0 = -q*m - 4*b, -2*m = -0*b + 2*b + 2. Let z = m - -39. Is z a composite number?
True
Let x = 35 + 96. Let r = -93 + x. Is r composite?
True
Let w(q) = 67*q - 2. Is w(1) prime?
False
Suppose 3*r - 5*b - 3613 = 0, -4*r + 3*b + 2660 + 2150 = 0. Is r a prime number?
True
Let j = 11 + -10. Is 389 - (-3 + (j - 0)) prime?
False
Let b be (-49)/(-6) - 1/6. Suppose -h - 3*h - 3*o - 9 = 0, 2*h - 2*o = -b. Is (-111)/h*(1 - 0) prime?
True
Let u be (-8)/(-24) - (-28)/6. Let f be 6/24 + 167/4. Suppose 5*b - s = 54, b + 2*s + f = u*b. Is b prime?
True
Let x(o) = 4*o + 5. Is x(7) a composite number?
True
Let a be 40/6*(14 + 1). Let i(b) = b - 51. Let l be i(0). Let j = a + l. Is j composite?
True
Let y(s) = -32*s. Let g be y(2). Let r = g + 95. Is r a prime number?
True
Is 2/6 - (-9208)/6 composite?
True
Let k(q) = 2*q**2 - 2*q - 1. Let r be k(-5). Suppose 4*l - r = 1. Suppose -d + 11 + l = -2*c, d = -3*c + 46. Is d composite?
True
Let z(v) be the first derivative of -3 + 9/2*v**2 - 6*v. Is z(5) a prime number?
False
Is (-1213)/(4/8*-2) a prime number?
True
Suppose -6*g = -4*g. Suppose g = 3*o - 1 - 8. Suppose -2*w - o*z = -56, -2*w + 84 = 2*w - z. Is w a prime number?
False
Suppose 4*b - 16 = -4*n + 3*b, -4*n = 2*b - 12. Suppose 3*q = -n + 116. Is q composite?
False
Suppose 0 = -4*x + 199 + 189. Is x a composite number?
False
Suppose -3*i + 2*y + 207 = -788, 345 = i - 4*y. Is i a prime number?
False
Suppose 0 = 2*r - 4*v - 18, 0 = r + 3*r - 3*v - 31. Suppose r*k - 795 = 2*k. Is k composite?
True
Let t = 1712 + -913. Is t prime?
False
Let c = 72 - -119. Is c composite?
False
Suppose -4*z + 8*w - 3*w + 2506 = 0, -z + 639 = 5*w. Is z prime?
False
Let q(f) = -2*f - 4. Suppose 0 = -0*r - 4*r - 52. Is q(r) a prime number?
False
Let k(h) = 4*h**2 - 3*h - 3. Let v be k(3). Is ((-304)/v)/(4/(-6)) a composite number?
False
Let r = 459 - -316. Suppose -2*g = f - 4*f + r, -4*f - g = -1026. Is f a composite number?
False
Suppose 4*f = 5*y + 21, 3*y - f - 2 = -9. Let t(b) = 4*b**2 + 3*b + 9. Let o(n) = -n**2 - n - 1. Let k(v) = y*t(v) - 5*o(v). Is k(-5) prime?
True
Let a = -4 - -4. Suppose -4*z - 996 = 4*q, a = -5*z - q + 4*q - 1285. Let n = z - -415. Is n composite?
True
Suppose 4*h = -h + 270. Let k = -66 - -35. Let j = h + k. Is j composite?
False
Suppose 0 = -3*i + 8*i - 1270. Is i composite?
True
Suppose 0 = -c + 164 - 10. Suppose 0 = -d + c - 5. Is d prime?
True
Let h = 324 - 133. Is h a prime number?
True
Suppose -4*q = q - 5. Let g(b) = -b**2 + 2 + 15*b**2 - 3. Is g(q) a composite number?
False
Suppose 0*d = -3*d + 195. Suppose 0*b - d = -5*b. Is b prime?
True
Let p = -2 + 6. Suppose s + s = p. Suppose 0 = 4*b - s*f + 65 - 417, 168 = 2*b - 5*f. Is b composite?
False
Let s be (-15)/6*(-1 + 3). Let f(k) 